= -60*z - 178. Calculate the remainder when i(-9) is divided by 28.
26
Suppose 5*s = s - 2*j + 310, s + 2*j - 76 = 0. Calculate the remainder when 230 is divided by s.
74
Suppose 3*t + 4*m - 93 = 9*m, 5*m = -5*t + 115. Suppose 171 = 2*x - 5*c, x + 0*x + 2*c = 108. Calculate the remainder when x is divided by t.
20
Let l be (9/4)/(12/32). Suppose 2*a = l*t - 3*t + 16, 4*a = -3*t + 32. Calculate the remainder when 25 is divided by a.
1
What is the remainder when 648/16 + 1/2 is divided by 32?
9
Let n be -1 + 1 + -2 - 51. Suppose -33 = -34*a + 33*a. Calculate the remainder when a is divided by n/(-3) - 2/3.
16
What is the remainder when 116 is divided by (-1 + 2)/(-2) + (-819)/(-26)?
23
Let w = -199 - -235. Calculate the remainder when 65 is divided by w.
29
Let c = -19 + 13. Let q = c - -25. Let o = -10 + q. What is the remainder when 33 is divided by o?
6
Suppose -4*t = -65 - 43. Let m(r) = r**2 + 2*r + 9. Let k be m(0). Suppose 6 + k = u. What is the remainder when t is divided by u?
12
What is the remainder when (-4)/((-20)/25) + 57 is divided by 41/6 + 3*2/36?
6
Let l(a) = 5*a + 35. Let q(c) = c - 11. Let z be q(5). Calculate the remainder when 12 is divided by l(z).
2
Let w be 44/16 + (-9)/12. Suppose 0 = 2*p + 3*p + w*a + 4, 5*p + 16 = 2*a. What is the remainder when ((-36)/24)/(p/76) is divided by 30?
27
Let s(u) = -u**2 + 8*u + 6. Suppose -40*b + 21 = -37*b. What is the remainder when -1*(-2 - (48 - 0)) is divided by s(b)?
11
Suppose -26*g = -28*g + 62. What is the remainder when 109 is divided by g?
16
Suppose -g - 3 = 0, -3*r - 145 = -5*r + 3*g. Suppose 5 - r = -7*w. Calculate the remainder when 19 is divided by w.
1
Suppose -3*c + 4*c + w - 43 = 0, 3*w = 2*c - 61. Let b be 14/(3 + (-1 - 1)). Suppose 0 = -b*q + 12*q + 28. Calculate the remainder when c is divided by q.
10
Suppose 5*n - 14 = -2*c + 33, -2*n + c = -17. Let p = -46 - -79. Calculate the remainder when p is divided by n.
6
Let m = 489 - 475. What is the remainder when 92 is divided by m?
8
Let f(z) = z + 10. Let r be f(-7). Suppose r*n = -4 + 10. Suppose 0 = 3*l - 5*t - 17, -19 = n*l - 5*l + 4*t. What is the remainder when 26 is divided by l?
8
Let q = 51 + -38. Let m(v) = -v**2 + 15*v + 24. Suppose 3*u - 34 = u. Calculate the remainder when m(q) is divided by u.
16
Suppose b - 5*g = 72, 5*g - 174 = 22*b - 24*b. What is the remainder when b is divided by 28?
26
Let x be 1 - (-2)/(-6) - (-7)/3. Suppose 5 = i, -c + x*i = 40 - 219. Calculate the remainder when c is divided by 28.
26
Suppose -33*a - 327 = -888. Calculate the remainder when 150 is divided by a.
14
Let c(u) = 7*u**2 - 8*u + 7. Let g be c(1). Suppose -g*t - 3*t = -477. What is the remainder when 103 is divided by t?
50
What is the remainder when 479 is divided by 3515/95 + 0/1?
35
Let t(c) = -c + 10. Suppose -5*g - 2*u = -138, -3*g - 108 = -7*g - 4*u. What is the remainder when g is divided by t(-5)?
13
Suppose 12*m - 10*m + 42 = 0. Let u = -16 - m. What is the remainder when 16 is divided by u?
1
Let d = -1 - -30. Let p = -42 + d. Let i = p - -30. Calculate the remainder when i is divided by 5.
2
Let u be -5*(-3)/((-12)/16). Let r = 21 - u. Let a = r - 10. Calculate the remainder when a is divided by 11.
9
Suppose 3*s = 3*x - 3 - 24, -2*s = 0. Let b be ((-15)/x)/(2/(-6)). Suppose -i = -b*k - 17, 2*i - i = -4*k - 1. What is the remainder when 27 is divided by i?
6
Let j = 12 - 1. Calculate the remainder when 36 is divided by -2 + 1 + (-2 + 3)*j.
6
Let c(m) = m + 377. What is the remainder when c(40) is divided by 105?
102
Calculate the remainder when 266 is divided by (-1562)/(-11) + -5 + -2.
131
Suppose 5*u - 3*s - 1057 = 895, u + 3*s = 394. What is the remainder when u is divided by 131?
129
What is the remainder when 133 is divided by (-10)/35 + ((-132)/(-21) - -3)?
7
Let r(x) = x**3 - 4*x**2 - 8*x - 5. Let g = -105 + 113. What is the remainder when 4*((170/g)/1 - 3) is divided by r(6)?
16
Let i be ((-36)/6)/((-4)/6). Let u(c) = -3 + 3*c**3 - 8*c**2 - 5*c - 2*c**3 - 5 - 3. Calculate the remainder when u(i) is divided by 9.
7
Let s(b) = -b**3 - 7*b**2 + 8*b + 3. Let u be s(-8). Suppose 15 = g + p, 2*p = u*g + 2*g - 47. What is the remainder when g is divided by 6?
5
Let m = -462 - -934. Calculate the remainder when m is divided by 25.
22
Suppose 3 = 4*s + 27. Calculate the remainder when (-3 + 1)*(87/s - -2) is divided by 13.
12
Let a(i) = i**2 - 6*i - 21. Let v be a(8). Calculate the remainder when 60*(6/(-4))/(-3) is divided by (2/(-4))/(v/160).
14
Suppose -50*f = -66*f + 528. Calculate the remainder when 157 is divided by f.
25
What is the remainder when 1134 - (-6 + 7 - 0) is divided by 14?
13
Suppose 0 = -a + 3 + 2. Suppose 13 = 4*g + 5*i, -g + 1 = 3*i - 4*i. What is the remainder when a is divided by g?
1
Suppose 0 = a + 5*s + 9 + 7, 4*s = a - 2. Let n = a - -6. Suppose -c + 32 - 3 = n. What is the remainder when c is divided by 16?
13
Let z = 38 - 26. Let i = -1 + z. Calculate the remainder when 32 is divided by i.
10
Suppose -4 = -b - k, -2*b - 8*k + 3*k = -14. Let y be (-10)/((-10)/(-8)*(-2)/10). Suppose 3*a + b*a - y = 0. What is the remainder when a is divided by 3?
2
Let a = 42 - 38. Suppose 3*s - a*p + 34 = 5*s, 3*s - 31 = -2*p. Calculate the remainder when 26 is divided by s.
5
Let l(x) = x**2 + 51. Calculate the remainder when l(6) is divided by 36.
15
Let i(l) = 8*l - 3. Let w = 103 - 163. Let k be (w/(-75))/((-2)/(-5)). What is the remainder when i(k) is divided by 8?
5
Suppose 0 = 2*s + 2, -5*s - 4 = 5*b + 6. Suppose 2*n = -4*t + 20, -4*t + n + 26 = -0*t. Calculate the remainder when 9/(b*(-1)/t) is divided by 19.
16
Let i(w) = 8*w - 9. Let l be i(4). Let v = 33 - l. Calculate the remainder when (1 - -26)*(-3)/(-3) is divided by v.
7
Let a = 1003 + -980. What is the remainder when 24 is divided by a?
1
What is the remainder when (6/8)/(51/34136) is divided by 18?
16
Let k = 990 + -688. What is the remainder when k is divided by 51?
47
Let d(b) = 2*b**2 - 2*b - 12. Let u be d(4). Suppose 12 = i - 4*r, 2*i - i = 5*r + u. What is the remainder when 37 is divided by i?
1
Let r(a) = -a**2 - 11*a - 11. Let j be (10/(-2) + -1)/1. Let h(q) = 16*q + 6. Calculate the remainder when h(3) is divided by r(j).
16
Calculate the remainder when 25 is divided by (-16)/(-40) + 7/((-105)/(-144)).
5
Suppose 4*v + 24 = 3*n, 0 = -0*n - 4*n - 3*v + 7. Let f(a) = -a + 5. Let o(s) = 1. Let t(d) = f(d) - 2*o(d). Calculate the remainder when t(-4) is divided by n.
3
Let x = -45 - -49. Suppose 5*s = x*k + 56 + 251, 3*s - k = 187. Calculate the remainder when s is divided by 18.
9
Let f(n) = -n**3 + 8*n**2 - 10*n - 1. What is the remainder when 160 is divided by f(4)?
22
Let m(t) = t**2 + 14*t - 24. Let o be m(-16). Let k = o - -45. What is the remainder when k is divided by 9?
8
Let a = 18 - -4. Suppose 2*l - 94 = -78. Calculate the remainder when a is divided by l.
6
Calculate the remainder when 532 is divided by 49 + 16/4 + -12.
40
Calculate the remainder when 3*(-28)/12 - -230 is divided by 12.
7
Let q(w) = 4*w**2 - 7*w + 4. Suppose -30*z = -26*z - 8. Suppose -z*j - 3*n + 30 = 0, -3*j + 67 = -n - 0*n. Calculate the remainder when q(4) is divided by j.
19
Suppose 556 = 16*l + 156. What is the remainder when 46 is divided by l?
21
Suppose -4*g + 10 = -u, 4 = 4*g - 3*u - 10. Suppose -g*b + 26 = -0*b. Suppose 0 = b*h - 8*h - 20. Calculate the remainder when 14 is divided by h.
2
Let l = -5335 + 5345. Suppose 0 = p - 2*p + 9. What is the remainder when l is divided by p?
1
Suppose -4*g - 2*d = -2, -3*g - g + 2*d = -14. Let p(z) = -z**3 - 7*z**2 + 7*z + 1. What is the remainder when p(-8) is divided by g?
1
Let l(x) = -x**3 + x - 4. Let a(f) = f**3 - f**2 - 3*f - 6. Calculate the remainder when l(-4) is divided by a(4).
26
Let x(q) = 4*q**3 - 6*q**2 + 4*q + 5. Let p(k) = -30*k - 7. Calculate the remainder when x(4) is divided by p(-1).
20
Let h(g) = 4*g + 250. What is the remainder when 530 is divided by h(2)?
14
Suppose -4*s - i = -148, 4*i = -4*s + 121 + 15. Calculate the remainder when 111 is divided by s.
35
Let w = 1 - 14. Let c(a) = 7 - a**2 + 7 + 12*a + 7*a**2 - 5*a**2. What is the remainder when c(w) is divided by 14?
13
Calculate the remainder when 273 is divided by ((-6)/8)/((-57)/56 + 1).
21
Suppose -14 = -5*h